{"id":295,"date":"2025-06-25T14:03:11","date_gmt":"2025-06-25T12:03:11","guid":{"rendered":"https:\/\/izaciaston.pl\/?post_type=product&#038;p=295"},"modified":"2025-06-25T14:07:03","modified_gmt":"2025-06-25T12:07:03","slug":"her-show","status":"publish","type":"product","link":"https:\/\/izaciaston.pl\/index.php\/product\/her-show\/","title":{"rendered":"Her Show"},"content":{"rendered":"<p>&#8217;Her show\u2019 to magia kolor\u00f3w, energetyzuj\u0105cy\u2026.<\/p>\n<p>Wr\u00f3\u0107, my\u015bla\u0142am d\u0142ugo nad tym, jak opowiedzie\u0107 Ci o tym maluszku. Tak naprawd\u0119 powsta\u0142 pod wp\u0142ywem chwili, pod wp\u0142ywem zdj\u0119cia, kt\u00f3re znalaz\u0142am przegl\u0105daj\u0105c Pinteresta. Cz\u0119sto zdarza mi si\u0119, w\u0142a\u015bciwe zawsze, zainspirowa\u0107 si\u0119 pod wp\u0142ywem chwili \u2013 zdj\u0119cie, migni\u0119cie wspomnienia, d\u017awi\u0119k, zapach, kolor\u2026<\/p>\n<p>Tutaj z haftu mo\u017ce i niedu\u017co, ale wci\u0105\u017c ten temat kr\u0105\u017cy wok\u00f3\u0142. Jest to obraz bardziej zainspirowany nowoczesn\u0105 mod\u0105, mocnymi kolorami i subtelno\u015bci\u0105 kobiecej natury, mo\u017ce te\u017c poszukiwania dziecka w sobie, kt\u00f3re potrzebuje zrozumienia.<\/p>\n<p>&nbsp;<\/p>\n<p>&nbsp;<\/p>\n<p>Year: 2024<br \/>\nDimension: 30 x 30 cm<br \/>\nMaterials: oils &amp; acrylic on canvas in frame<\/p>\n","protected":false},"excerpt":{"rendered":"<p>&#8217;Her show\u2019 to magia kolor\u00f3w, energetyzuj\u0105cy\u2026. Wr\u00f3\u0107, my\u015bla\u0142am d\u0142ugo nad tym, jak opowiedzie\u0107 Ci o tym maluszku. Tak naprawd\u0119 powsta\u0142 pod wp\u0142ywem chwili, pod wp\u0142ywem zdj\u0119cia, kt\u00f3re znalaz\u0142am przegl\u0105daj\u0105c Pinteresta. Cz\u0119sto zdarza mi si\u0119, w\u0142a\u015bciwe zawsze, zainspirowa\u0107 si\u0119 pod wp\u0142ywem chwili \u2013 zdj\u0119cie, migni\u0119cie wspomnienia, [&hellip;]<\/p>\n","protected":false},"featured_media":279,"comment_status":"open","ping_status":"closed","template":"","meta":[],"product_brand":[],"product_cat":[20],"product_tag":[],"class_list":{"0":"post-295","1":"product","2":"type-product","3":"status-publish","4":"has-post-thumbnail","6":"product_cat-obrazy","8":"first","9":"instock","10":"shipping-taxable","11":"purchasable","12":"product-type-simple"},"_links":{"self":[{"href":"https:\/\/izaciaston.pl\/index.php\/wp-json\/wp\/v2\/product\/295","targetHints":{"allow":["GET"]}}],"collection":[{"href":"https:\/\/izaciaston.pl\/index.php\/wp-json\/wp\/v2\/product"}],"about":[{"href":"https:\/\/izaciaston.pl\/index.php\/wp-json\/wp\/v2\/types\/product"}],"replies":[{"embeddable":true,"href":"https:\/\/izaciaston.pl\/index.php\/wp-json\/wp\/v2\/comments?post=295"}],"wp:featuredmedia":[{"embeddable":true,"href":"https:\/\/izaciaston.pl\/index.php\/wp-json\/wp\/v2\/media\/279"}],"wp:attachment":[{"href":"https:\/\/izaciaston.pl\/index.php\/wp-json\/wp\/v2\/media?parent=295"}],"wp:term":[{"taxonomy":"product_brand","embeddable":true,"href":"https:\/\/izaciaston.pl\/index.php\/wp-json\/wp\/v2\/product_brand?post=295"},{"taxonomy":"product_cat","embeddable":true,"href":"https:\/\/izaciaston.pl\/index.php\/wp-json\/wp\/v2\/product_cat?post=295"},{"taxonomy":"product_tag","embeddable":true,"href":"https:\/\/izaciaston.pl\/index.php\/wp-json\/wp\/v2\/product_tag?post=295"}],"curies":[{"name":"wp","href":"https:\/\/api.w.org\/{rel}","templated":true}]}}